269*m. Suppose m*j - 1910 = 2*j - 3*b, 5*b - 25 = 0. What is the tens digit of j?
7
Suppose -139*u = -107*u - 138720. What is the thousands digit of u?
4
Suppose -14*l + 27655 = -436109. What is the ten thousands digit of l?
3
Let l = -26551 + 43969. What is the units digit of l?
8
Let r(l) = 93*l - 357. What is the units digit of r(55)?
8
Let f = -59 - -47. What is the units digit of 7528/12*1 - (-4)/f?
7
Suppose 2*f + 2*y = -24, -2*f - 3*f = -3*y + 44. Let c = 86 + f. Let i = 95 - c. What is the units digit of i?
9
Suppose 5*i + 5 = 0, 4*a - 14 = -0*i - 2*i. Suppose 5*k + 5*d - 3951 = 7*d, a*d = -5*k + 3933. What is the tens digit of k?
8
Suppose -3*t - u + 29390 = 0, 9*t - 9*u - 88145 = -7*u. What is the units digit of t?
5
Let w be (5/(-7) - -1) + (-128)/7. Let r = 21 + w. Suppose -3 + 63 = r*c. What is the units digit of c?
0
Suppose 11*q - 40 = 279. Suppose -11*o = -q*o + 7110. What is the tens digit of o?
9
Let f = 6 - -114. Let i = f - 85. What is the tens digit of 2160/i - (0 + 2/(-7))?
6
Suppose 6628 = 2*t - 4*m, 2*m + 4584 + 5350 = 3*t. What is the thousands digit of t?
3
Suppose 0 = -4*y + 8*y - 4*w - 8, 5*y - 12 = 4*w. Suppose 0 = -k - y + 22. What is the units digit of (k/4)/(-1*(-1)/26)?
7
Suppose 130910 = 3*f + 50*f. What is the thousands digit of f?
2
Let k = 47444 + -24096. What is the thousands digit of k?
3
Let a = 7811 - 3221. What is the tens digit of a?
9
What is the tens digit of 636 + 0/3 - ((-8 - -2) + 4)?
3
Let y = -3181 + 12668. What is the hundreds digit of y?
4
Suppose -h + 3993 = 4*v - 6*h, -2*v - 4*h = -2016. What is the units digit of v?
2
Suppose -41*f - 12*f = -240355. What is the hundreds digit of f?
5
Suppose -144*a + 157*a = 8697. Let c = a + -423. What is the units digit of c?
6
Let d(c) = 47 - 14*c + 4*c**2 - c**2 - c - 5*c**2. Let z(m) = -m**2 - 7*m + 24. Let r(u) = -3*d(u) + 5*z(u). What is the units digit of r(-15)?
4
Let o(s) = -371*s - 1246. What is the units digit of o(-21)?
5
Let c(i) = -i**3 - 14*i**2 + 36*i - 19. Let h be c(-18). Suppose 13*r + 135 = h. Let a = r - -134. What is the hundreds digit of a?
1
Let j(u) be the first derivative of 7*u**5/60 - u**4/24 - u**3 - 2*u**2 - 4. Let q(n) be the second derivative of j(n). What is the tens digit of q(-3)?
6
What is the hundreds digit of (-37)/(74/4) - (-312 - -2)?
3
Let s(u) = 207*u - 307. Suppose 0 = -4*o - 3*m + 23 + 10, -48 = -5*o + 3*m. What is the thousands digit of s(o)?
1
Let i(q) = -13*q - 24. Let g be i(9). Let p = g - -57. What is the units digit of (0 + (-28)/(-6))/((-8)/p)?
9
Suppose 5*x = -t + 14828, -2256*t - 14824 = -2257*t - 3*x. What is the units digit of t?
8
What is the hundreds digit of (-78)/(-182) - (-208846)/14?
9
Suppose 0 = c + a - 9, 0 = 2*c + 5*a - 24 - 9. Suppose -23 = n - 4*p - 97, -c*p = 2*n - 124. What is the tens digit of n?
6
Let l(i) = -5*i + 131. Let v be l(22). What is the units digit of ((-3)/v + 2502/(-28))*-8?
6
Let l = -506 - -500. Let x(z) = 6*z**2 - 20*z - 132. What is the tens digit of x(l)?
0
Let c = -70 - -77. Let y(h) = h**3 + 3*h**2 - 14*h - 6. What is the units digit of y(c)?
6
Let t(b) = 431*b + 1207. What is the units digit of t(32)?
9
Suppose 458 = 3*a + t, -3*a - 629 = -7*a - 5*t. What is the hundreds digit of ((-4646)/(-8))/1 + a/604?
5
Let u(p) = -2*p**2 + 21*p + 4. Let h be u(14). Let w = h - -52. What is the units digit of 400/14 + w/(-98)?
9
Suppose -4*a = -4*n, -5*a = -7*a + 3*n + 4. What is the tens digit of a/(-10) + (-5079)/(-15)?
3
Let t be (-1)/(-1)*(3 - 1). Suppose 2*w = -2*j + 136, -214 = -3*j - 89*w + 88*w. Suppose j - 3 = 5*v + 3*p, 28 = t*v - 5*p. What is the units digit of v?
4
Suppose 0 = 9*w + 3956 - 185. Let d = w + 645. What is the hundreds digit of d?
2
Let o(f) = 232*f**2 - 35*f + 199. What is the ten thousands digit of o(8)?
1
Let u(r) be the second derivative of -r**4/12 + 14*r**3/3 + r**2 + 33*r + 3. What is the units digit of u(24)?
8
Suppose -14 = -6*g + 16. Suppose -h - 732 = 3*h - 4*w, -5*w = g. Let t = 59 - h. What is the tens digit of t?
4
Suppose 18*l = 15391 + 73403. Suppose 10*d - l + 1163 = 0. What is the hundreds digit of d?
3
Suppose -13*u = -14*u + 4*i + 11209, -3*u + 3*i + 33654 = 0. What is the units digit of u?
1
Suppose -4*n - 7*n + 43121 = 2*n. What is the tens digit of n?
1
Let s(w) = 96*w**2 - 4*w - 10. Let a be s(-3). Let l = a - -186. What is the thousands digit of l?
1
Suppose 3*w - 4*j + 100 = 4*w, 0 = 3*w - j - 339. Suppose -z - 6*z = -w. Suppose 111 - 35 = 2*n + 3*d, 0 = -4*d - z. What is the tens digit of n?
4
Let c(y) = -17*y**3 + 230*y**2 + 7*y + 11. What is the units digit of c(8)?
3
Suppose 0 = -g - 2*f - 0*f + 15, 8 = 4*f. What is the hundreds digit of (-13)/g - (-34)/187 - -566?
5
What is the units digit of -12 + (9 - 39012/(-6))?
9
Suppose -m + 28772 = -2*p + 71011, 0 = 2*p + 2*m - 42224. What is the units digit of p?
7
Suppose 588 = -2*b + 6*b. Suppose 12 = 3*r - 4*n + 163, 4*r + n = -214. Let l = b + r. What is the units digit of l?
4
Let n(p) = 16*p**2 - 6*p + 6. Let w = -32 - -37. Let i be n(w). Let k = 549 - i. What is the hundreds digit of k?
1
Let i(h) = 3*h**2 - 447*h**3 + 0*h + 445*h**3 - 7 - 2*h. What is the tens digit of i(-4)?
7
Let d be 10/45 - 5162/(-18). Suppose 6*a = d - 29. Let u = a + -28. What is the tens digit of u?
1
Let w = -22 + 32. Suppose -w*r + 44*r - 3264 = 0. What is the units digit of r?
6
Suppose 4*x + 20 = -4*m, -5*m = -4*x + x - 15. Suppose -5*l = 5*b - 8195, l + 4*b + 661 - 2294 = m. What is the thousands digit of l?
1
Let g(i) = i**3 + 30*i**2 - 873*i - 79. What is the units digit of g(32)?
3
Let y(a) = -8*a - 5*a + 5*a + 45 - 4*a. What is the units digit of y(3)?
9
Let k(p) = p**2 - p. Let n(s) = -s**2 - 35*s + 11 - 3*s**2 + 12*s**2 + s**3. Let g(b) = 2*k(b) - n(b). What is the tens digit of g(-10)?
5
Suppose -11*k = 3*k + 10122. Let g = k + 1338. What is the hundreds digit of g?
6
Let s(x) = -84*x - 231. What is the thousands digit of s(-35)?
2
Let t be 58/22 + (-84)/(-231). Suppose 0 = 3*j - t*y - 2367, 5*j - y - 2*y = 3949. What is the tens digit of j?
9
Let b = 4 + 3. Suppose 2*r = l + 14, -3*r + 3*l - 24 = -48. Suppose -r*o + b*o = 3. What is the units digit of o?
3
Suppose -16*m - 10*m + 52 = 0. Suppose 2*w - 8*b - 3346 = -12*b, m*b = 4*w - 6652. What is the tens digit of w?
6
Let v(s) = -10*s + 207. Suppose 33 + 65 = -7*w. What is the units digit of v(w)?
7
Suppose -63 = 3*a - 75. Suppose -p = 1 - 2, -a*n = 2*p - 2002. What is the hundreds digit of n?
5
Let u(i) = 57639*i**2 + 37*i - 9. What is the hundreds digit of u(1)?
6
Suppose 7*r = 12*r - 5650. Suppose x - r = -5*q - 4*x, -4*x = 3*q - 681. What is the units digit of q?
3
Let n be 235*((-20)/(-12))/(1/3). Suppose -o + 664 = -5*x, n - 4375 = -5*o - 5*x. What is the tens digit of o?
4
Suppose 5*q - 10*q = -55. What is the units digit of 4193/q - (-20)/(-110)?
1
Let q = -37 - -33. What is the hundreds digit of 16300/35 - q/14?
4
Suppose 675 = -9*c - 198. Let m = 177 + c. Let o = m - 30. What is the units digit of o?
0
Let x = 286 + -291. Let d(o) = 34*o**2 + 21. What is the tens digit of d(x)?
7
Suppose 2*x - 14212 = -4*b, 43*b = 40*b - x + 10657. What is the hundreds digit of b?
5
Let s(v) = -v**2 + 4*v + 2. Let y be s(5). Let z be (-3 - y)/(-1 - -1 - -1). Suppose 29*g - 34*g + 450 = z. What is the units digit of g?
0
Let j(r) = 2351*r**2 - 15*r + 35. What is the tens digit of j(2)?
0
Let l(x) = -x**2 + 15*x + 54. Let y be l(13). Suppose 0 = -y*p + 89*p - 8946. What is the hundreds digit of p?
9
Suppose -43*f + 220 + 812 = 0. What is the units digit of 997 + f/18*-6?
9
Let q = -472 - -466. What is the tens digit of 1*682 - q/((-6)/2)?
8
Suppose 2*v - 4*b = 6132, b - 9040 + 2883 = -2*v. What is the thousands digit of v?
3
Suppose -s - 2*s = a - 24353, 2*a - 2*s = 48746. What is the units digit of a?
8
Let t(c) = -c**3 + 19*c**2 - 49*c + 39. What is the units digit of t(5)?
4
Suppose 21*t - 4*t - 38998 = 0. What is the tens digit of t?
9
Let s(b) = -2*b**2 - 183*b - 94. What is the hundreds digit of s(-41)?
0
Let i be (-185)/(-65) + ((-12)/(-26))/3. Let t be (40/i)/(6/27). Suppose 2*c = -2*f + 144, -4*c + 88 = 2*f - t. What is the units digit of f?
0
What is the hundreds digit of (-7)/2 + -13096*27/(-144)?
4
Suppose -19 = -5*r + 21. Let z